9?
True
Is 14 a factor of 27692?
True
Is 129 a factor of 61155?
False
Is 21087 a multiple of 23?
False
Does 21 divide 1547?
False
Is 4876 a multiple of 53?
True
Does 4 divide 2892?
True
Is 10356 a multiple of 20?
False
Is 60 a factor of 9060?
True
Does 68 divide 3012?
False
Does 15 divide 19560?
True
Is 9713 a multiple of 6?
False
Does 22 divide 10463?
False
Does 99 divide 88560?
False
Does 6 divide 3630?
True
Is 721 a multiple of 59?
False
Is 4 a factor of 4552?
True
Is 142 a factor of 3408?
True
Does 17 divide 6411?
False
Does 209 divide 44099?
True
Does 37 divide 683?
False
Is 74 a factor of 1406?
True
Is 11700 a multiple of 100?
True
Does 2 divide 739?
False
Does 30 divide 60?
True
Is 4 a factor of 992?
True
Is 22 a factor of 1201?
False
Is 85 a multiple of 3?
False
Is 487 a multiple of 13?
False
Does 7 divide 938?
True
Does 19 divide 326?
False
Is 26640 a multiple of 18?
True
Is 3096 a multiple of 12?
True
Does 2 divide 1116?
True
Is 648 a multiple of 7?
False
Is 1634 a multiple of 7?
False
Is 21806 a multiple of 33?
False
Does 15 divide 555?
True
Does 105 divide 495?
False
Is 172 a factor of 9738?
False
Does 5 divide 19?
False
Is 832 a multiple of 48?
False
Is 14684 a multiple of 94?
False
Is 11760 a multiple of 84?
True
Is 60 a factor of 27720?
True
Does 186 divide 15783?
False
Is 55361 a multiple of 86?
False
Is 5 a factor of 2822?
False
Is 18 a factor of 108?
True
Is 11 a factor of 99?
True
Does 43 divide 258?
True
Does 10 divide 1452?
False
Is 91 even?
False
Is 935 a multiple of 11?
True
Is 1530 a multiple of 12?
False
Is 102 a multiple of 8?
False
Is 1606 a multiple of 43?
False
Is 2239 a multiple of 4?
False
Does 47 divide 517?
True
Does 79 divide 11943?
False
Does 12 divide 1524?
True
Is 10 a factor of 6491?
False
Is 11 a factor of 858?
True
Does 37 divide 2997?
True
Does 30 divide 19004?
False
Is 6 a factor of 7326?
True
Does 16 divide 3497?
False
Is 5130 a multiple of 114?
True
Is 4102 a multiple of 14?
True
Does 9 divide 49898?
False
Is 7361 a multiple of 4?
False
Does 33 divide 12560?
False
Is 63 a multiple of 12?
False
Is 12316 a multiple of 151?
False
Does 2 divide 593?
False
Is 1920 a multiple of 30?
True
Is 9 a factor of 540?
True
Is 345 a multiple of 5?
True
Does 11 divide 407?
True
Is 2120 a multiple of 8?
True
Is 7 a factor of 472?
False
Is 30413 a multiple of 23?
False
Does 53 divide 2627?
False
Is 84 a factor of 1092?
True
Is 16 a factor of 8675?
False
Is 360 a multiple of 24?
True
Is 12 a factor of 5318?
False
Does 72 divide 17352?
True
Does 17 divide 51?
True
Is 667 a multiple of 23?
True
Does 117 divide 5252?
False
Is 56 a factor of 5844?
False
Is 11900 a multiple of 119?
True
Does 60 divide 933?
False
Is 152 a multiple of 19?
True
Does 15 divide 619?
False
Is 4388 a multiple of 9?
False
Is 99 a factor of 1116?
False
Is 969 a multiple of 19?
True
Is 33 a factor of 3036?
True
Is 17413 a multiple of 39?
False
Is 1129 a multiple of 12?
False
Is 37320 a multiple of 17?
False
Is 1998 a multiple of 37?
True
Is 4680 a multiple of 12?
True
Does 86 divide 364?
False
Is 7703 a multiple of 35?
False
Is 5 a factor of 280?
True
Is 46416 a multiple of 6?
True
Does 22 divide 932?
False
Is 15985 a multiple of 6?
False
Is 544 a multiple of 8?
True
Is 69 a multiple of 2?
False
Is 50 a factor of 1238?
False
Is 33788 a multiple of 14?
False
Is 1485 a multiple of 23?
False
Is 188 a factor of 19012?
False
Is 16 a factor of 4272?
True
Is 920 a multiple of 5?
True
Does 107 divide 19153?
True
Is 20 a factor of 18697?
False
Is 468 a multiple of 18?
True
Does 20 divide 11800?
True
Is 27 a factor of 33088?
False
Is 11 a factor of 15321?
False
Is 47 a multiple of 24?
False
Does 38 divide 8702?
True
Is 136 a factor of 9112?
True
Is 26 a factor of 12298?
True
Is 15 a factor of 435?
True
Does 30 divide 11884?
False
Is 400 a multiple of 50?
True
Is 1428 a multiple of 28?
True
Does 3 divide 390?
True
Is 2101 a multiple of 94?
False
Is 2296 a multiple of 14?
True
Is 10 a factor of 51790?
True
Is 27 a factor of 10401?
False
Is 9 a factor of 2887?
False
Is 14 a factor of 6271?
False
Is 30 a factor of 60?
True
Is 5727 a multiple of 83?
True
Is 39 a factor of 2014?
False
Is 122 even?
True
Is 17529 a multiple of 16?
False
Is 33 a factor of 5133?
False
Is 48 a factor of 57629?
False
Is 330 a multiple of 13?
False
Is 22 a factor of 418?
True
Is 98 a factor of 9097?
False
Is 9 a factor of 81?
True
Is 4 a factor of 452?
True
Does 29 divide 1107?
False
Is 37 a factor of 1135?
False
Is 12 a factor of 4836?
True
Is 19 a factor of 1136?
False
Is 2143 a multiple of 55?
False
Is 31951 a multiple of 9?
False
Does 12 divide 12168?
True
Is 21420 a multiple of 6?
True
Is 72 a multiple of 3?
True
Does 12 divide 2040?
True
Is 37177 a multiple of 47?
True
Does 36 divide 686?
False
Is 6150 a multiple of 30?
True
Is 43 a factor of 66650?
True
Is 31 a factor of 14902?
False
Is 310 a multiple of 31?
True
Does 3 divide 572?
False
Is 1618 even?
True
Is 6033 a multiple of 13?
False
Is 11 a factor of 347?
False
Is 22 a factor of 62744?
True
Is 525 a multiple of 72?
False
Is 30 a factor of 1950?
True
Does 10 divide 5360?
True
Is 6701 a multiple of 23?
False
Is 18848 a multiple of 14?
False
Is 1236 a multiple of 6?
True
Is 34 a factor of 18462?
True
Does 10 divide 4543?
False
Is 48 a factor of 54798?
False
Does 92 divide 16067?
False
Does 85 divide 2328?
False
Does 171 divide 13851?
True
Is 13266 a multiple of 99?
True
Does 22 divide 2750?
True
Is 60 a factor of 4320?
True
Is 37 a factor of 23118?
False
Does 25 divide 63?
False
Is 1802 a multiple of 53?
True
Is 14073 a multiple of 5?
False
Is 472 a multiple of 7?
False
Does 13 divide 16727?
False
Is 56658 a multiple of 21?
True
Does 100 divide 7600?
True
Does 7 divide 338?
False
Is 161 a multiple of 4?
False
Is 3 a factor of 657?
True
Is 642 a multiple of 4?
False
Is 2184 a multiple of 42?
True
Does 8 divide 121390?
False
Is 114 a multiple of 2?
True
Is 45 a factor of 1530?
True
Does 134 divide 6030?
True
Is 59 a factor of 3027?
False
Does 23 divide 3280?
False
Does 62 divide 930?
True
Is 22034 a multiple of 23?
True
Is 2495 a multiple of 22?
False
Is 76 a factor of 4220?
False
Is 14 a factor of 312?
False
Is 285 a multiple of 5?
True
Is 703 a multiple of 71?
False
Is 251 a multiple of 34?
False
Does 22 divide 12353?
False
Is 171 a factor of 6750?
False
Does 4 divide 924?
True
Is 72 a factor of 3968?
False
Does 85 divide 6483?
False
Is 5893 a multiple of 13?
False
Does 10 divide 1776?
False
Is 8 a factor of 1047?
False
Does 7 divide 182?
True
Is 4 a factor of 676?
True
Is 146 a factor of 6512?
False
Is 431 a multiple of 17?
False
Does 41 divide 1599?
True
Is 12 a factor of 351?
False
Is 85773 a multiple of 13?
False
Does 14 divide 1436?
False
Is 32736 a multiple of 186?
True
Does 5 divide 6863?
False
Is 3 a factor of 950?
False
Is 744 a multiple of 93?
True
Is 1304 a multiple of 7?
False
Is 9715 a multiple of 9?
False
Does 92 divide 208?
False
Is 10 a factor of 1100?
True
Is 2304 a multiple of 12?
True
Does 5 divide 175?
True
Does 10 divide 27491?
False
Does 11 divide 12283?
False
Is 14 a factor of 21266?
True
Is 54 a factor of 32302?
False
Does 11 divide 43946?
False
Is 43 a factor of 433?
False
Does 81 divide 51921?
True
Is 55 a factor of 79145?
True
Is 51 a factor of 510?
True
Is 1702 a multiple of 46?
True
Is 915 even?
False
Is 1940 a multiple of 10?
True
Does 16 divide 2592?
True
Is 49140 a multiple of 195?
True
Is 10 a factor of 209?
False
Is 16 a factor of 384?
True
Is 47214 a multiple of 71?
False
Does 9 divide 52929?
True
Does 4 divide 83?
False
Does 5 divide 6484?
False
Is 5725 a multiple of 58?
False
Does 17 divide 54083?
False
Is 11 a factor of 1852?
False
Is 13741 a multiple of 13?
True
Is 5 a factor of 7405?
True
Is 16 a factor of 488?
False
Is 143 a multiple of 6?
False
Is 8 a factor of 4567?
False
Is 7896 a multiple of 168?
True
Does 232 divide 108112?
True
Is 11 a factor of 11?
True
Is 2 a factor of 196?
True
Does 108 divide 2680?
False
Is 271 a factor of 79403?
True
Is 17 a factor of 663?
True
Is 7 a factor of 1379?
True
Is 35035 a multiple of 385?
True
Is 17580 a multiple of 121?
False
Is 440 a multiple of 20?
True
Does 22 divide 302?
False
Is 6 a factor of 397?
False
Is 9194 a multiple of 230?
False
Is 540